{"id":794,"date":"2026-01-13T16:54:00","date_gmt":"2026-01-13T13:54:00","guid":{"rendered":"https:\/\/saldirim.com\/yeni\/?page_id=794"},"modified":"2026-02-03T17:18:40","modified_gmt":"2026-02-03T14:18:40","slug":"kitaplar","status":"publish","type":"page","link":"http:\/\/saldirim.com\/yeni\/?page_id=794","title":{"rendered":"Kitaplar"},"content":{"rendered":"\n<p><strong>Yarg\u0131 Eti\u011fi Alan\u0131ndaki Kitaplar<\/strong><\/p>\n\n\n\n<ol class=\"wp-block-list\">\n<li>Pratik Yarg\u0131 Eti\u011fi E\u011fitim Teknikleri, Ankara 2024.<\/li>\n<\/ol>\n\n\n\n<p><a href=\"https:\/\/yetkin.com.tr\/pratik-yargi-etigi-egitim-teknikleri-14767\">https:\/\/yetkin.com.tr\/pratik-yargi-etigi-egitim-teknikleri-14767<\/a><\/p>\n\n\n\n<p>2. Bangalor Yarg\u0131 Eti\u011fi \u0130lkeleri ve Yarg\u0131tay Etik \u0130lkeleri Mevzuat\u0131, Ankara 2024.<\/p>\n\n\n\n<p><a href=\"https:\/\/yetkin.com.tr\/bangalor-yargi-etigi-ilkeleri-ve-yargitay-etik-ilkeleri-mevzuati-14780\">https:\/\/yetkin.com.tr\/bangalor-yargi-etigi-ilkeleri-ve-yargitay-etik-ilkeleri-mevzuati-14780<\/a><\/p>\n\n\n\n<p>3. Yarg\u0131 Eti\u011fi Pratik \u00c7al\u0131\u015fmalar, Ankara 2022.<\/p>\n\n\n\n<p><a href=\"https:\/\/yetkin.com.tr\/yargi-etigi-pratik-calismalar-13382\">https:\/\/yetkin.com.tr\/yargi-etigi-pratik-calismalar-13382<\/a><\/p>\n\n\n\n<p>4. Yarg\u0131tay Yarg\u0131 Eti\u011fi \u0130lkeleri E\u011fitimi Kolayla\u015ft\u0131r\u0131c\u0131 El Kitab\u0131, Ankara 2019 (\u0130nayet Ayd\u0131n ile ortak kitap).<\/p>\n\n\n\n<p><a href=\"https:\/\/www.yargitay.gov.tr\/documents\/ek1-1615980431.pdf\">https:\/\/www.yargitay.gov.tr\/documents\/ek1-1615980431.pdf<\/a><\/p>\n\n\n\n<p>5. Yarg\u0131tay Yarg\u0131 Eti\u011fi \u0130lkeleri E\u011fitimi Kat\u0131l\u0131mc\u0131 El Kitab\u0131, Ankara 2019 (\u0130nayet Ayd\u0131n ile ortak kitap).<\/p>\n\n\n\n<p><a href=\"https:\/\/www.yargitay.gov.tr\/documents\/ek1-1615980494.pdf\">https:\/\/www.yargitay.gov.tr\/documents\/ek1-1615980494.pdf<\/a><\/p>\n\n\n\n<p>6. Yarg\u0131tay Cumhuriyet Savc\u0131lar\u0131 Etik Davran\u0131\u015f \u0130lkeleri E\u011fitimi Kolayla\u015ft\u0131r\u0131c\u0131 El Kitab\u0131, Ankara 2019 (\u0130nayet Ayd\u0131n ile ortak kitap).<\/p>\n\n\n\n<p><a href=\"https:\/\/www.yargitay.gov.tr\/documents\/ek1-1615980540.pdf\">https:\/\/www.yargitay.gov.tr\/documents\/ek1-1615980540.pdf<\/a><\/p>\n\n\n\n<p>7. Yarg\u0131tay Cumhuriyet Savc\u0131lar\u0131 Etik Davran\u0131\u015f \u0130lkeleri E\u011fitimi Kat\u0131l\u0131mc\u0131 El Kitab\u0131, Ankara 2019 (\u0130nayet Ayd\u0131n ile ortak kitap).<\/p>\n\n\n\n<p><a href=\"https:\/\/www.yargitay.gov.tr\/documents\/ek1-1615980588.pdf\">https:\/\/www.yargitay.gov.tr\/documents\/ek1-1615980588.pdf<\/a><\/p>\n\n\n\n<p>8. Yarg\u0131tay Personeli Etik Davran\u0131\u015f \u0130lkeleri Kolayla\u015ft\u0131r\u0131c\u0131 El Kitab\u0131, Ankara 2019 (\u0130nayet Ayd\u0131n ile ortak kitap).<\/p>\n\n\n\n<p><a href=\"https:\/\/www.yargitay.gov.tr\/documents\/ek1-1615980649.pdf\">https:\/\/www.yargitay.gov.tr\/documents\/ek1-1615980649.pdf<\/a><\/p>\n\n\n\n<p>9. Yarg\u0131tay Personeli Etik Davran\u0131\u015f \u0130lkeleri Kat\u0131l\u0131mc\u0131 El Kitab\u0131, Ankara 2019 (\u0130nayet Ayd\u0131n ile ortak kitap).<\/p>\n\n\n\n<p><a href=\"https:\/\/www.yargitay.gov.tr\/documents\/ek1-1615980679.pdf\">https:\/\/www.yargitay.gov.tr\/documents\/ek1-1615980679.pdf<\/a><\/p>\n\n\n\n<p>10. Yarg\u0131tay Yarg\u0131 Eti\u011fi \u0130lkeleri Tasla\u011f\u0131na \u0130li\u015fkin G\u00f6r\u00fc\u015flerin De\u011ferlendirilmesi ve Birle\u015fmi\u015f Milletler Yarg\u0131 Eti\u011fi Standartlar\u0131 ile Kar\u015f\u0131la\u015ft\u0131r\u0131lmas\u0131, (Do\u00e7. Dr. \u0130brahim \u015eahbaz ile ortak kitap) 2017.<\/p>\n\n\n\n<ol class=\"wp-block-list\">\n<li><\/li>\n<\/ol>\n\n\n\n<p><a href=\"https:\/\/www.yargitay.gov.tr\/documents\/EtikDegerlendirmeKarsilastirma.pdf\">https:\/\/www.yargitay.gov.tr\/documents\/EtikDegerlendirmeKarsilastirma.pdf<\/a><\/p>\n\n\n\n<p><strong>Yarg\u0131da \u015eeffafl\u0131\u011fa \u0130li\u015fkin Uluslararas\u0131 Kitaplar<\/strong><\/p>\n\n\n\n<p>11. Yarg\u0131da \u015eeffafl\u0131\u011fa \u0130li\u015fkin \u0130stanbul Bildirgesi Kaynak K\u0131lavuzu ve De\u011ferlendirme \u00c7er\u00e7evesi, Ankara 2023 (Jayawickrama, N.; Down, J.; Oxner, S.; Zannah, K.; Tilikawardane \u015e. ve Apperson, J. ile ortak kitap).<\/p>\n\n\n\n<ol class=\"wp-block-list\">\n<li><\/li>\n<\/ol>\n\n\n\n<p><a href=\"https:\/\/www.yargitay.gov.tr\/documents\/ek-1713958788.pdf\">https:\/\/www.yargitay.gov.tr\/documents\/ek-1713958788.pdf<\/a><\/p>\n\n\n\n<p>12. The \u0130stanbul Declaration on Transparency in the Judicial Process Resource Guide an Evaluative Framework, Ankara 2023 (Jayawickrama, N.; Down, J.; Oxner, S.; Zannah, K.; Tilikawardane \u015e. ve Apperson, J. ile ortak kitap).<\/p>\n\n\n\n<p><a href=\"https:\/\/www.yargitay.gov.tr\/documents\/ek-1713959154.pdf\">https:\/\/www.yargitay.gov.tr\/documents\/ek-1713959154.pdf<\/a><\/p>\n\n\n\n<p>13. Yarg\u0131tay Etik \u0130lkeleri ve Yarg\u0131da \u015eeffafl\u0131\u011fa \u0130li\u015fkin \u0130stanbul Bildirgesi \u00c7er\u00e7evesinde Yarg\u0131 Yetkisinin G\u00fcncel Sorunlar\u0131n\u0131n De\u011ferlendirilmesi, Avrupa \u0130nsan Haklar\u0131 Mahkemesi Adli Y\u0131l A\u00e7\u0131l\u0131\u015f Semineri, Yarg\u0131tay Ba\u015fkanl\u0131\u011f\u0131 Sunumu, Strazburg 2018.<\/p>\n\n\n\n<p><a href=\"https:\/\/www.yargitay.gov.tr\/documents\/ek1-1616057326.pdf\">https:\/\/www.yargitay.gov.tr\/documents\/ek1-1616057326.pdf<\/a><\/p>\n\n\n\n<p>14. A Review of Current Issues Of Judicial Power in the Framework of the Court of Cassation Judicial Code of Conduct and \u0130stanbul Declaration on Transparency in the Judicial Process, Strasbourg 2018<\/p>\n\n\n\n<p><a href=\"https:\/\/www.yargitay.gov.tr\/documents\/ek1-1528371558.pdf\">https:\/\/www.yargitay.gov.tr\/documents\/ek1-1528371558.pdf<\/a><\/p>\n\n\n\n<p><strong>\u00d6zel Hukuk Alan\u0131ndaki Kitaplar<\/strong><\/p>\n\n\n\n<p>15. H\u00e2kimin Hukuki Sorumlulu\u011funa \u0130li\u015fkin Yarg\u0131tay B\u00fcy\u00fck Genel Kurulu ve Yarg\u0131tay Hukuk Genel Kurulu Kararlar\u0131 (2010-2014), Ankara 2014.<\/p>\n\n\n\n<p><a href=\"https:\/\/yetkin.com.tr\/hakimin-hukuki-sorumluluguna-iliskin-yargitay-buyuk-genel-kurulu-ve-yargitay-hukuk-genel-kurulu-kararlari-2010-2014-5240\">https:\/\/yetkin.com.tr\/hakimin-hukuki-sorumluluguna-iliskin-yargitay-buyuk-genel-kurulu-ve-yargitay-hukuk-genel-kurulu-kararlari-2010-2014-5240<\/a><\/p>\n\n\n\n<p>16. A\u00e7\u0131klamal\u0131 ve \u0130\u00e7tihatl\u0131 T\u00fcrk Bor\u00e7lar Kanunu (2013)<\/p>\n\n\n\n<p><a href=\"https:\/\/www.seckin.com.tr\/kitap\/aciklamali-ve-ictihatli-turk-borclar-kanunu-mustafa-saldirim-s-p-195495981?srsltid=AfmBOorCkcvADETCS1YOERhEGc2LNUaxbDJtYzDVZB65TmoDqCnQuTJo\">https:\/\/www.seckin.com.tr\/kitap\/aciklamali-ve-ictihatli-turk-borclar-kanunu-mustafa-saldirim-s-p-195495981?srsltid=AfmBOorCkcvADETCS1YOERhEGc2LNUaxbDJtYzDVZB65TmoDqCnQuTJo<\/a><\/p>\n\n\n\n<p>17. A\u00e7\u0131klamal\u0131 ve \u0130\u00e7tihatl\u0131 Hukuk Mahkemeleri Kanunu (2011)<\/p>\n\n\n\n<p><a href=\"https:\/\/www.seckin.com.tr\/kitap\/aciklamali-ve-ictihatli-hukuk-muhakemeleri-kanunu-ve-ilgili-mevzuat-mustafa-saldirim-s-p-765386322?srsltid=AfmBOorLNdIUYaXXr69EkAQ8h_Xn8E-RZQgfh4cuQQjNJP2qf5nLkq3i\">https:\/\/www.seckin.com.tr\/kitap\/aciklamali-ve-ictihatli-hukuk-muhakemeleri-kanunu-ve-ilgili-mevzuat-mustafa-saldirim-s-p-765386322?srsltid=AfmBOorLNdIUYaXXr69EkAQ8h_Xn8E-RZQgfh4cuQQjNJP2qf5nLkq3i<\/a><\/p>\n\n\n\n<p>18. Cumhuriyet Savc\u0131s\u0131n\u0131n Denetim G\u00f6revi (2007)<\/p>\n\n\n\n<p><a href=\"https:\/\/www.legalkitabevi.com\/cumhuriyet-savcisinin-denetim-gorevi-.htm\">https:\/\/www.legalkitabevi.com\/cumhuriyet-savcisinin-denetim-gorevi-.htm<\/a><\/p>\n\n\n\n<p>19. \u00d6zel Hukukta Cumhuriyet Savc\u0131s\u0131n\u0131n G\u00f6revleri (Doktora Tezi, 2005)<\/p>\n\n\n\n<p><a href=\"https:\/\/tez.yok.gov.tr\/UlusalTezMerkezi\/TezGoster?key=Keh6sQzap4ZTp8dqWPlH1LKR4C0DDW38dEnFwEuwAJYodOl0Qj1z41IQfW6SsGBK\">https:\/\/tez.yok.gov.tr\/UlusalTezMerkezi\/TezGoster?key=Keh6sQzap4ZTp8dqWPlH1LKR4C0DDW38dEnFwEuwAJYodOl0Qj1z41IQfW6SsGBK<\/a><\/p>\n\n\n\n<ol class=\"wp-block-list\">\n<li><\/li>\n<\/ol>\n\n\n\n<p><a href=\"https:\/\/hukukmarket.com\/medeni-usul-hukuku\/kitap\/13486-9789756194164-ozel-hukukta-cumhuriyet-savcisinin-gorevleri.html?srsltid=AfmBOoqc5LUC8Ag82LtSy0R3cVeb-eNzDhqL4L_HF5SswXT5fudDNIFd\">https:\/\/hukukmarket.com\/medeni-usul-hukuku\/kitap\/13486-9789756194164-ozel-hukukta-cumhuriyet-savcisinin-gorevleri.html?srsltid=AfmBOoqc5LUC8Ag82LtSy0R3cVeb-eNzDhqL4L_HF5SswXT5fudDNIFd<\/a><\/p>\n\n\n\n<p>20. \u0130htiyati Haciz (Y\u00fcksek Lisan Tezi, 1997)<\/p>\n\n\n\n<p><a href=\"https:\/\/tez.yok.gov.tr\/UlusalTezMerkezi\/TezGoster?key=T1mWGp9MngYYkCSgiJvtVtOWZtqBPDG0qV_TA3V3KUPsZDnal1hFWZe5YEqQBS8J\">https:\/\/tez.yok.gov.tr\/UlusalTezMerkezi\/TezGoster?key=T1mWGp9MngYYkCSgiJvtVtOWZtqBPDG0qV_TA3V3KUPsZDnal1hFWZe5YEqQBS8J<\/a><\/p>\n\n\n\n<p>21. \u00d6\u011fretide ve Uygulamada \u0130htiyati Haciz. Ankara 2011 (Adnan Deynekli ile ortak kitap)<\/p>\n\n\n\n<ol class=\"wp-block-list\">\n<li><\/li>\n<\/ol>\n\n\n\n<p><a href=\"https:\/\/www.seckin.com.tr\/kitap\/ogretide-ve-uygulamada-ihtiyati-haciz-6098-sayili-tbk-ve-6100-sayili-hmk-islenmis-adnan-deynekli-mustafa-saldirim-s-p-982944857?srsltid=AfmBOorDVjuHWebPNC1Fda2Ynetk8XbEVtCkj-8qmL4cKx0FbEY5A5G7\">https:\/\/www.seckin.com.tr\/kitap\/ogretide-ve-uygulamada-ihtiyati-haciz-6098-sayili-tbk-ve-6100-sayili-hmk-islenmis-adnan-deynekli-mustafa-saldirim-s-p-982944857?srsltid=AfmBOorDVjuHWebPNC1Fda2Ynetk8XbEVtCkj-8qmL4cKx0FbEY5A5G7<\/a><\/p>\n\n\n\n<p><strong>H\u00fck\u00fcml\u00fc ve Tutuklu E\u011fitimi Alan\u0131ndaki Kitap<\/strong><\/p>\n\n\n\n<p>22. H\u00fck\u00fcml\u00fc ve Tutuklu E\u011fitiminin Temelleri (2011)<\/p>\n\n\n\n<ol class=\"wp-block-list\">\n<li><\/li>\n<\/ol>\n\n\n\n<p><a href=\"https:\/\/www.pandora.com.tr\/kitap\/hukumlu-ve-tutuklu-egitiminin-temelleri\/233622\">https:\/\/www.pandora.com.tr\/kitap\/hukumlu-ve-tutuklu-egitiminin-temelleri\/233622<\/a><\/p>\n\n\n\n<p><strong>\u00c7eviri T\u00fcrk\u00e7e Kitaplar<\/strong><\/p>\n\n\n\n<p>23. Bangalor Yarg\u0131 Eti\u011fi \u0130lkelerinin Yorumu, Ankara 2020, Yarg\u0131tay Yay\u0131n\u0131 (Batur, F. ve Eri\u015f, N. ile birlikte.)<\/p>\n\n\n\n<ol class=\"wp-block-list\">\n<li><\/li>\n<\/ol>\n\n\n\n<p><a href=\"https:\/\/www.unodc.org\/res\/ji\/import\/international_standards\/commentary_on_the_bangalore_principles_of_judicial_conduct\/bangalore_principles_turkish.pdf\">https:\/\/www.unodc.org\/res\/ji\/import\/international_standards\/commentary_on_the_bangalore_principles_of_judicial_conduct\/bangalore_principles_turkish.pdf<\/a><\/p>\n\n\n\n<p>24. Yarg\u0131sal Davran\u0131\u015f ve Etik, Kendi Kendine \u00d6\u011frenme Kursu, Birle\u015fmi\u015f Milletler Uyu\u015fturucu ve Su\u00e7 Ofisi, Viyana 2019. (Batur, F. ile birlikte)<\/p>\n\n\n\n<ol class=\"wp-block-list\">\n<li><\/li>\n<\/ol>\n\n\n\n<p><a href=\"https:\/\/www.yargitay.gov.tr\/documents\/ek-1709712231.pdf\">https:\/\/www.yargitay.gov.tr\/documents\/ek-1709712231.pdf<\/a><\/p>\n\n\n\n<p>25. Yarg\u0131da \u015eeffafl\u0131\u011fa \u0130li\u015fkin \u0130stanbul Bildirgesi ve \u0130stanbul Bildirgesinin Etkili Bi\u00e7imde Uygulanmas\u0131 \u0130\u00e7in Tedbirler, 4. Uluslararas\u0131 Y\u00fcksek Mahkemeler Zirvesi, 11-12.2018 \u0130stanbul. (Dr. Seda Dural ile birlikte),<\/p>\n\n\n\n<ol class=\"wp-block-list\">\n<li><\/li>\n<\/ol>\n\n\n\n<p><a href=\"https:\/\/www.yargitay.gov.tr\/documents\/ek-1715079142.pdf\">https:\/\/www.yargitay.gov.tr\/documents\/ek-1715079142.pdf<\/a><\/p>\n\n\n\n<p><strong>&nbsp;&nbsp;&nbsp;&nbsp;&nbsp;&nbsp;&nbsp;&nbsp;&nbsp;&nbsp;&nbsp; \u00c7eviri \u0130ngilizce Kitaplar<\/strong><\/p>\n\n\n\n<p>26. Court Cassation Code of Conduct for Staff Training Facilator Handbook, Ankara 2019 (Batur, F.\/Caran K\u00f6k T. ile birlikte),&nbsp;&nbsp;<\/p>\n\n\n\n<ol class=\"wp-block-list\">\n<li><\/li>\n<\/ol>\n\n\n\n<p><a href=\"https:\/\/www.yargitay.gov.tr\/documents\/ek-1715240513.pdf\">https:\/\/www.yargitay.gov.tr\/documents\/ek-1715240513.pdf<\/a><\/p>\n\n\n\n<p>27. Court Cassation Code of Conduct for Staff Training Participant\u2019s Handbook, Ankara 2019 (Batur, F.\/Caran K\u00f6k, T. ile birlikte),<\/p>\n\n\n\n<ol class=\"wp-block-list\">\n<li><\/li>\n<\/ol>\n\n\n\n<p><a href=\"https:\/\/www.yargitay.gov.tr\/documents\/ek-1715240642.pdf\">https:\/\/www.yargitay.gov.tr\/documents\/ek-1715240642.pdf<\/a><\/p>\n\n\n\n<p>28. Court of Cassation Code of Conduct for Public Prosecutor Participant\u2019s Handbook, Ankara 2019,&nbsp; (Batur, F.\/Caran K\u00f6k, T. ile birlikte),<\/p>\n\n\n\n<ol class=\"wp-block-list\">\n<li><\/li>\n<\/ol>\n\n\n\n<p><a href=\"https:\/\/www.yargitay.gov.tr\/documents\/ek-1715240541.pdf\">https:\/\/www.yargitay.gov.tr\/documents\/ek-1715240541.pdf<\/a><\/p>\n\n\n\n<p>29. Court of Cassation Code of Conduct for Public Prosecutor Facilator Handbook, Ankara 2019, (Batur, F.\/Caran K\u00f6k, T. ile birlikte),<\/p>\n\n\n\n<p><a href=\"https:\/\/www.yargitay.gov.tr\/documents\/ek-1715240611.pdf\">https:\/\/www.yargitay.gov.tr\/documents\/ek-1715240611.pdf<\/a><\/p>\n\n\n\n<p>30. Court of Cassation Code of Judicial Conduct Training Facilator Handbook, Ankara 2019, (Batur, F.\/Caran K\u00f6k, T. ile birlikte),<\/p>\n\n\n\n<p><a href=\"https:\/\/www.yargitay.gov.tr\/documents\/ek-1715240513.pdf\">https:\/\/www.yargitay.gov.tr\/documents\/ek-1715240513.pdf<\/a><\/p>\n\n\n\n<p>31. Court of Cassation Code of Judicial Conduct Training Participant\u2019s Handbook, Ankara 2019, (Batur, F.\/Caran K\u00f6k, T. ile birlikte),<\/p>\n\n\n\n<p><a href=\"https:\/\/www.yargitay.gov.tr\/documents\/ek-1715240362.pdf\">https:\/\/www.yargitay.gov.tr\/documents\/ek-1715240362.pdf<\/a><\/p>\n\n\n\n<p><\/p>\n","protected":false},"excerpt":{"rendered":"<p>Yarg\u0131 Eti\u011fi Alan\u0131ndaki Kitaplar https:\/\/yetkin.com.tr\/pratik-yargi-etigi-egitim-teknikleri-14767 2. Bangalor Yarg\u0131 Eti\u011fi \u0130lkeleri ve Yarg\u0131tay Etik \u0130lkeleri Mevzuat\u0131, Ankara 2024. https:\/\/yetkin.com.tr\/bangalor-yargi-etigi-ilkeleri-ve-yargitay-etik-ilkeleri-mevzuati-14780 3. Yarg\u0131 Eti\u011fi Pratik \u00c7al\u0131\u015fmalar, Ankara 2022. https:\/\/yetkin.com.tr\/yargi-etigi-pratik-calismalar-13382 4. Yarg\u0131tay Yarg\u0131 Eti\u011fi \u0130lkeleri E\u011fitimi Kolayla\u015ft\u0131r\u0131c\u0131 El Kitab\u0131, Ankara 2019 (\u0130nayet Ayd\u0131n ile ortak kitap). https:\/\/www.yargitay.gov.tr\/documents\/ek1-1615980431.pdf 5. Yarg\u0131tay Yarg\u0131 Eti\u011fi \u0130lkeleri E\u011fitimi Kat\u0131l\u0131mc\u0131 El Kitab\u0131, Ankara 2019 (\u0130nayet&#8230;<\/p>\n<p class=\"more-link-wrap\"><a href=\"http:\/\/saldirim.com\/yeni\/?page_id=794\" class=\"more-link\">Devam\u0131n\u0131 Oku<span class=\"screen-reader-text\"> &ldquo;Kitaplar&rdquo;<\/span> &raquo;<\/a><\/p>\n","protected":false},"author":1,"featured_media":0,"parent":0,"menu_order":0,"comment_status":"closed","ping_status":"closed","template":"","meta":{"footnotes":""},"class_list":["post-794","page","type-page","status-publish","hentry"],"_links":{"self":[{"href":"http:\/\/saldirim.com\/yeni\/index.php?rest_route=\/wp\/v2\/pages\/794","targetHints":{"allow":["GET"]}}],"collection":[{"href":"http:\/\/saldirim.com\/yeni\/index.php?rest_route=\/wp\/v2\/pages"}],"about":[{"href":"http:\/\/saldirim.com\/yeni\/index.php?rest_route=\/wp\/v2\/types\/page"}],"author":[{"embeddable":true,"href":"http:\/\/saldirim.com\/yeni\/index.php?rest_route=\/wp\/v2\/users\/1"}],"replies":[{"embeddable":true,"href":"http:\/\/saldirim.com\/yeni\/index.php?rest_route=%2Fwp%2Fv2%2Fcomments&post=794"}],"version-history":[{"count":8,"href":"http:\/\/saldirim.com\/yeni\/index.php?rest_route=\/wp\/v2\/pages\/794\/revisions"}],"predecessor-version":[{"id":848,"href":"http:\/\/saldirim.com\/yeni\/index.php?rest_route=\/wp\/v2\/pages\/794\/revisions\/848"}],"wp:attachment":[{"href":"http:\/\/saldirim.com\/yeni\/index.php?rest_route=%2Fwp%2Fv2%2Fmedia&parent=794"}],"curies":[{"name":"wp","href":"https:\/\/api.w.org\/{rel}","templated":true}]}}